base 10.
2500
Convert 2025 (base 7) to base 15.
320
Convert 1211211 (base 3) to base 14.
6c1
13d52 (base 14) to base 15
e8e8
What is 42405 (base 6) in base 3?
21220112
-9e0 (base 16) to base 13
-11c6
4510 (base 7) to base 2
11001011000
Convert 104 (base 9) to base 11.
78
Convert -3c (base 13) to base 12.
-43
-10110000010110011 (base 2) to base 4
-112002303
Convert -334 (base 13) to base 5.
-4200
13331 (base 4) to base 3
200212
Convert 4224 (base 6) to base 16.
3b8
Convert 1113300 (base 5) to base 16.
4d71
b11 (base 15) to base 3
10102021
-131 (base 14) to base 16
-ef
-1100303 (base 4) to base 15
-17eb
What is 1332123 (base 4) in base 3?
102002200
1214 (base 11) to base 14
816
2330 (base 7) to base 16
356
What is 265 (base 8) in base 10?
181
Convert -1133 (base 9) to base 10.
-840
Convert 1416 (base 9) to base 12.
750
What is -225330 (base 8) in base 9?
-125844
6210 (base 7) to base 5
32123
-377 (base 14) to base 2
-1010110101
-10021022 (base 3) to base 10
-2384
-3156 (base 10) to base 4
-301110
Convert -9ba (base 14) to base 8.
-3610
60427 (base 8) to base 2
110000100010111
What is -406 (base 7) in base 2?
-11001010
What is 12507 (base 8) in base 3?
21110202
Convert 8644 (base 14) to base 12.
11504
-136156 (base 8) to base 12
-23aba
Convert -42011 (base 5) to base 15.
-c3b
6411 (base 9) to base 3
20110101
Convert -10011011011011001 (base 2) to base 14.
-21001
Convert 1011034 (base 5) to base 2.
100000000001010
Convert 10011100100011100 (base 2) to base 16.
1391c
-1312 (base 12) to base 6
-14022
What is 2160 (base 7) in base 4?
30021
What is 12264 (base 9) in base 15?
2694
Convert -31020 (base 6) to base 11.
-3102
Convert -1d5 (base 14) to base 15.
-1a8
What is 10122011 (base 3) in base 12?
164a
Convert 4b9 (base 13) to base 5.
11303
What is -2201202021 (base 3) in base 6?
-1052524
Convert -179 (base 14) to base 4.
-10233
491b (base 12) to base 5
230411
Convert -1011110 (base 2) to base 15.
-64
-1312 (base 6) to base 15
-172
10011100011100 (base 2) to base 9
14654
Convert -8b21 (base 14) to base 15.
-7242
Convert -102310 (base 5) to base 2.
-110101111111
Convert -310 (base 4) to base 14.
-3a
Convert 113242 (base 7) to base 4.
10332031
Convert 151540 (base 6) to base 8.
34524
Convert 3647 (base 10) to base 4.
320333
Convert 132144 (base 6) to base 3.
121200101
Convert -10101 (base 4) to base 10.
-273
Convert 11021201 (base 3) to base 16.
c34
What is 20010 (base 3) in base 10?
165
Convert ea0 (base 15) to base 8.
6344
Convert 57329 (base 10) to base 11.
3a088
What is -552 (base 12) in base 10?
-782
Convert 110311 (base 4) to base 13.
7b7
What is 1747 (base 16) in base 11?
4528
What is 133 (base 14) in base 10?
241
Convert -302232 (base 5) to base 11.
-7311
Convert -518 (base 15) to base 6.
-5152
4042 (base 5) to base 9
640
3013230 (base 5) to base 11
33022
-1001000011001101 (base 2) to base 5
-2141234
Convert 40 (base 9) to base 15.
26
-12032231 (base 4) to base 12
-12925
-1300 (base 4) to base 16
-70
What is 1012 (base 9) in base 14?
3ac
52501 (base 6) to base 8
15665
Convert 80862 (base 10) to base 2.
10011101111011110
-10003 (base 4) to base 9
-317
Convert -4c89 (base 13) to base 3.
-112222210
Convert -11465 (base 7) to base 12.
-188b
What is 783 (base 16) in base 10?
1923
What is 14d4 (base 14) in base 9?
5076
172 (base 8) to base 16
7a
What is -121 (base 16) in base 9?
-351
Convert 4eec (base 15) to base 14.
6212
What is -1001112 (base 3) in base 4?
-30002
What is 14646 (base 8) in base 13?
2cb1
What is 1212 (base 4) in base 8?
146
-222002 (base 3) to base 2
-1011000000
What is 1539 (base 11) in base 6?
13054
What is 11623 (base 8) in base 9?
6777
Convert -100011001 (base 2) to base 14.
-161
What is -105001 (base 6) in base 15?
-2957
-775 (base 9) to base 7
-1565
What is -2ab2 (base 14) in base 3?
-101102122
What is 2d77 (base 15) in base 2?
10011000111011
Convert 110110101001 (base 2) to base 16.
da9
What is -1010001110111 (base 2) in base 14?
-1ca3
-183 (base 16) to base 2
-110000011
Convert -771 (base 8) to base 2.
-111111001
What is 2034 (base 5) in base 9?
328
What is 1126 (base 12) in base 10?
1902
What is -412020 (base 5) in base 11?
-a069
8d56 (base 14) to base 11
17512
What is 11243 (base 5) in base 16?
337
What is -af (base 16) in base 8?
-257
32440 (base 5) to base 14
b65
-e82e (base 15) to base 6
-1015142
What is 4a5 (base 13) in base 7?
2236
Convert 2012011212 (base 3) to base 5.
2340032
Convert fc1 (base 16) to base 7.
14521
What is -100 (base 16) in base 12?
-194
-11113 (base 5) to base 8
-1417
Convert 4a00 (base 13) to base 6.
120302
-8c49 (base 13) to base 3
-222222100
What is 2258 (base 9) in base 8?
3211
What is -280 (base 15) in base 4?
-20322
Convert -2917 (base 12) to base 11.
-3648
What is 2137 (base 8) in base 9?
1473
Convert 668 (base 13) to base 4.
101030
What is -3266 (base 7) in base 6?
-5235
Convert -bba (base 13) to base 10.
-2012
-210034 (base 6) to base 3
-212010211
Convert 323 (base 13) to base 10.
536
33a3 (base 12) to base 6
42323
Convert -5b9 (base 12) to base 16.
-35d
What is 366 (base 13) in base 3?
210220
-10101010010 (base 2) to base 13
-80a
What is -23233 (base 5) in base 15?
-77d
885 (base 9) to base 12
505
-11110011 (base 2) to base 13
-159
Convert 14305 (base 9) to base 4.
2113331
-1435 (base 11) to base 14
-965
-2c53 (base 13) to base 8
-14532
What is 10000100011001001 (base 2) in base 15?
15140
Convert -37a (base 11) to base 12.
-316
-15273 (base 10) to base 11
-10525
What is -10432 (base 6) in base 13?
-884
Convert -5b39 (base 12) to base 9.
-15070
What is 419 (base 16) in base 8?
2031
Convert 1423 (base 14) to base 3.
11212211
What is 12022020 (base 3) in base 15?
122c
What is 22021 (base 5) in base 8?
2747
-43f (base 16) to base 11
-8a9
What is -5815 (base 16) in base 11?
-15a3a
What is -1320122 (base 5) in base 3?
-1100001121
Convert 8394 (base 11) to base 6.
123242
What is 24949 (base 10) in base 13?
b482
Convert -1292 (base 15) to base 11.
-2a82
Convert -322200 (base 4) to base 3.
-12010200
Convert 10004 (base 5) to base 9.
768
Convert -28152 (base 13) to base 3.
-10210210100
-a6a (base 11) to base 2
-10100000110
-279 (base 14) to base 15
-234
a47 (base 14) to base 6
13211
What is -431 (base 5) in base 10?
-116
Convert a3 (base 16) to base 8.
243
Convert -30220 (base 4) to base 15.
-38d
What is -17d09 (base 14) in base 15?
-12c71
What is 134210 (base 5) in base 11?
41a0
78 (base 9) to base 13
56
256 (base 7) to base 5
1024
What is 1101010000 (base 2) in base 13?
503
-1021002102 (base 3) to base 5
-1243401
Convert -2408 (base 9) to base 3.
-2110022
What is 302140 (base 6) in base 15?
70d0
Convert -341 (base 7) to base 15.
-bb
Convert 15205 (base 7) to base 15.
13b4
-5370 (base 9) to base 11
-2a72
Convert 3055 (base 6) to base 13.
407
-12332 (base 4) to base 9
-545
Convert -cd7 (base 14) to base 10.
-2541
Convert 736 (base 9) to base 10.
600
Convert 101110001111000 (base 2) to base 12.
11848
What is -10000101110110 (base 2) in base 13?
-3b8c
Convert -14334 (base 14) to base 3.
-2112121211
What is 4a01 (base 11) in base 5?
202120
185 (base 10) to base 14
d3
What is 3430 (base 11) in base 12?
273a
10001201 (base 3) to base 9
3051
eba (base 15) to base 5
101300
Convert 1321 (base 9) to base 11.
821
Convert 30343 (base 8) to base 15.
3a95
Convert -391b (base 14) to base 12.
-5971
-101100100111 (base 2) to base 9
-3822
What is 14 (base 13) in base 3?
122
What is -9649 (base 10) in base 14?
-3733
-1bd8 (base 14) to base 16
-13e2
-80a (base 13) to base 7
-3654
11203 (base 4) to base 7
1015
Convert 13838 (base 9) to base 15.
2bdb
What is 1867 (base 9) in base 4?
112132
-1010001 (base 3) to base 5
-11221
What is 132056 (base 7) in base 2?
110000010100001
-12104 (base 6) to base 5
-24033
What is -1212121222 (base 3) in base 5?
-2140113
Convert -101023311 (base 4) to base 2.
-10001001011110101
Convert 13b (base 16) to base 2.
100111011
2022202 (base 3) to base 7
4640
a99 (base 11) to base 2
10100100110
What is 69c6 (base 16) in base 2?
110100111000110
What is -101102 (base 3) in base 2?
-100011001
Convert 2390 (base 15) to base 5.
220220
What is -30e (base 15) in base 9?
-845
bdf (base 16) to base 6
22023
Convert -2472 (base 15) to base 4.
-1321031
Convert -47326 (base 8) to base 3.
-1000200111
Wha